8.
-34346
-210201110 (base 3) to base 11
-10995
12200 (base 4) to base 6
1532
Convert -888 (base 13) to base 10.
-1464
What is 2002100 (base 3) in base 10?
1521
-3283 (base 14) to base 6
-104243
61a (base 13) to base 6
4445
-3521 (base 13) to base 4
-1310213
Convert 110000000110100 (base 2) to base 11.
1755a
What is 1414 (base 16) in base 8?
12024
What is 254a7 (base 11) in base 13?
13828
Convert 15436 (base 8) to base 3.
100112010
Convert -479 (base 10) to base 8.
-737
Convert -15151 (base 12) to base 16.
-738d
1041 (base 10) to base 2
10000010001
What is 1bab (base 14) in base 8?
11673
-436 (base 10) to base 7
-1162
Convert -110000 (base 7) to base 12.
-b148
Convert 11625 (base 7) to base 13.
1512
Convert a1c (base 13) to base 5.
23330
125e (base 15) to base 5
111124
-1592 (base 12) to base 9
-3452
What is 11311332 (base 4) in base 12?
11a26
Convert -9d8 (base 14) to base 8.
-3642
1b2 (base 14) to base 5
2402
Convert 110012 (base 3) to base 2.
101001001
What is 13214 (base 9) in base 4?
2023123
2101222 (base 3) to base 14
8d4
101211002 (base 3) to base 16
1ece
Convert 1960 (base 15) to base 14.
2002
116 (base 7) to base 3
2022
What is -2299 (base 14) in base 2?
-1011101111111
What is 251532 (base 6) in base 13?
a2aa
222110120 (base 3) to base 16
4b5d
Convert -1002200 (base 4) to base 9.
-5748
What is 836 (base 10) in base 5?
11321
What is -1a9e (base 15) in base 11?
-437a
Convert -10100110000 (base 2) to base 16.
-530
18a (base 11) to base 13
13b
2223 (base 4) to base 10
171
Convert -313203 (base 4) to base 13.
-1806
Convert 4a01 (base 15) to base 5.
1001001
Convert 1100111111011111 (base 2) to base 10.
53215
What is -c72 (base 15) in base 12?
-175b
102a (base 12) to base 2
11011100010
What is 5422 (base 8) in base 12?
1782
Convert -374 (base 12) to base 3.
-201021
What is 83 (base 9) in base 14?
55
-454 (base 6) to base 4
-2302
Convert -563 (base 15) to base 9.
-1603
Convert -a55 (base 13) to base 3.
-2102012
What is -23301333 (base 4) in base 15?
-e470
258 (base 14) to base 15
215
What is -560 (base 9) in base 12?
-323
4515 (base 9) to base 5
101320
-112303 (base 5) to base 7
-14614
Convert -1005 (base 8) to base 15.
-247
Convert -396 (base 11) to base 2.
-111010100
What is 51736 (base 8) in base 7?
116411
Convert -4067 (base 10) to base 12.
-242b
What is 2142 (base 12) in base 16?
e42
28430 (base 9) to base 15
5ac0
What is -14743 (base 10) in base 4?
-3212113
14153 (base 6) to base 8
4265
Convert 174 (base 15) to base 2.
101001110
What is -33131231 (base 4) in base 5?
-4011331
2001101 (base 3) to base 5
21440
1006 (base 7) to base 5
2344
-44214 (base 5) to base 14
-1187
3ea (base 15) to base 14
47d
-202021 (base 3) to base 16
-223
6843 (base 9) to base 15
1776
What is -1431 (base 5) in base 10?
-241
What is -13202333 (base 4) in base 12?
-15a7b
Convert 10b (base 16) to base 12.
1a3
967 (base 15) to base 5
31442
Convert 948 (base 11) to base 2.
10001110101
What is 1937 (base 12) in base 11?
2339
What is 231203 (base 7) in base 13?
15a1c
What is -355 (base 15) in base 14?
-3bd
-1301031 (base 4) to base 14
-28d7
10223 (base 8) to base 10
4243
What is -5117 (base 16) in base 10?
-20759
-752 (base 11) to base 16
-388
What is -3104 (base 5) in base 7?
-1115
Convert -2102 (base 7) to base 12.
-515
What is -273c (base 16) in base 9?
-14700
Convert -122223 (base 4) to base 3.
-2100020
Convert -6935 (base 13) to base 7.
-60665
What is 2010110 (base 3) in base 15?
6d6
What is 2a79 (base 12) in base 3?
20211210
What is -178d (base 14) in base 13?
-1c13
-11101010 (base 3) to base 12
-1a19
-4410 (base 6) to base 13
-600
Convert -123 (base 13) to base 2.
-11000110
-24310 (base 5) to base 3
-2111210
What is -71 (base 10) in base 4?
-1013
Convert -110010110100011 (base 2) to base 6.
-320243
Convert -3514 (base 7) to base 6.
-5541
Convert 4232 (base 10) to base 16.
1088
-12832 (base 11) to base 10
-18306
-3333 (base 9) to base 10
-2460
What is -2054 (base 8) in base 11?
-891
-1155 (base 10) to base 3
-1120210
What is 4a (base 11) in base 10?
54
596 (base 11) to base 5
10320
What is 2b60 (base 14) in base 7?
31350
What is -22031 (base 4) in base 16?
-28d
Convert -7441 (base 11) to base 10.
-9846
What is 1101111011000 (base 2) in base 15?
21a3
What is -3056 (base 7) in base 10?
-1070
What is -10001001001 (base 2) in base 12?
-775
-5302 (base 7) to base 3
-2120001
Convert -24c (base 15) to base 13.
-312
What is 43304 (base 5) in base 6?
21402
Convert 22140 (base 10) to base 8.
53174
Convert 22061 (base 8) to base 5.
244030
What is 335 (base 13) in base 9?
672
What is 181 (base 10) in base 16?
b5
3b08 (base 13) to base 6
103054
-1242a (base 16) to base 12
-3734a
13610 (base 7) to base 8
7223
9792 (base 13) to base 4
11021103
4000 (base 9) to base 4
231210
-151035 (base 7) to base 14
-a8c5
What is -110101101110110 (base 2) in base 10?
-27510
111011101110 (base 2) to base 15
11ec
Convert -1073 (base 9) to base 15.
-380
What is 1005 (base 15) in base 5?
102010
Convert 3564 (base 9) to base 5.
41100
216 (base 10) to base 16
d8
1023233 (base 5) to base 2
100001110100110
What is -210002 (base 3) in base 11?
-478
What is -2b1 (base 14) in base 12?
-397
13a (base 14) to base 12
188
Convert 12285 (base 10) to base 3.
121212000
What is 12367 (base 8) in base 12?
3133
Convert -7565 (base 8) to base 4.
-331311
40235 (base 7) to base 16
2600
Convert 20cb (base 16) to base 4.
2003023
What is -9cc (base 14) in base 15?
-899
What is -20323022 (base 4) in base 13?
-1383b
-2340 (base 11) to base 9
-4180
What is -345201 (base 6) in base 14?
-ab4d
What is -1011221 (base 3) in base 2?
-1101011110
What is 247 (base 15) in base 7?
1336
What is -101011011110 (base 2) in base 5?
-42112
-11203 (base 4) to base 15
-18a
What is -99 (base 15) in base 16?
-90
-111001010 (base 2) to base 6
-2042
What is -13244 (base 5) in base 11?
-897
a01d (base 14) to base 11
19700
Convert 4475 (base 10) to base 6.
32415
What is 113605 (base 7) in base 13?
9469
What is -40522 (base 6) in base 11?
-404a
What is -53624 (base 10) in base 13?
-1b53c
Convert 26705 (base 10) to base 5.
1323310
What is -286 (base 14) in base 10?
-510
-100000001010111 (base 2) to base 13
-7660
What is 1107 (base 8) in base 2?
1001000111
Convert 412 (base 11) to base 2.
111110001
What is -15245 (base 15) in base 10?
-68015
What is -653 (base 16) in base 15?
-72e
-16a12 (base 14) to base 15
-11ca6
-4559 (base 11) to base 4
-1131221
Convert 2111110 (base 4) to base 16.
2554
1035 (base 11) to base 4
111121
Convert -1202 (base 3) to base 4.
-233
-40255 (base 6) to base 12
-308b
What is 21011122 (base 3) in base 10?
5228
What is 113f5 (base 16) in base 8?
211765
261 (base 15) to base 9
661
-1101102 (base 4) to base 5
-131302
Convert -73057 (base 10) to base 15.
-169a7
8725 (base 9) to base 6
45422
Convert -731 (base 12) to base 2.
-10000010101
What is -20021022 (base 3) in base 5?
-121241
What is 1102210100 (base 3) in base 14?
a43c
-1033 (base 8) to base 6
-2255
What is 10110211 (base 3) in base 13?
11cb
-30320 (base 5) to base 16
-7a8
What is -6a73 (base 16) in base 8?
-65163
Convert -1027 (base 14) to base 6.
-20511
310022 (base 4) to base 2
110100001010
Convert -12952 (base 11) to base 2.
-100100000010001
What is 16988 (base 11) in base 3?
1012122221
13704 (base 10) to base 3
200210120
-21a0a (base 12) to base 4
-22321222
-1218 (base 13) to base 11
-1a14
136a (base 14) to base 6
23510
What is -781 (base 14) in base 11?
-1130
Convert 822 (base 16) to base 13.
c42
Convert 688 (base 13) to base 2.
10001100110
What is 953 (base 10) in base 11?
797
Convert -13b (base 13) to base 14.
-119
What is 542c (base 13) in base 14?
4399
What is 20304 (base 6) in base 13?
1300
12132 (base 5) to base 10
917
What is 461 (base 7) in base 2?
11101111
What is d63 (base 16) in base 4?
311203
What is -23645 (base 8) in base 9?
-14826
What is 124413 (base 6) in base 14?
4213
What is -8a88 (base 11) in base 14?
-44dc
405 (base 14) to base 10
789
What is -1162 (base 7) in base 3?
-121011
1b7b (base 15) to base 8
13516
What is 1998 (base 11) in base 15?
b37
What is 49f (base 16) in base 6?
5251
What is -1ca (base 16) in base 10?
-458
Convert -1000001101110010 (base 2) to base 16.
-8372
Convert -34 (base 13) to base 7.
-61
200000 (base 3) to base 8
746
W